{"id":39,"date":"2021-07-09T08:54:20","date_gmt":"2021-07-09T08:54:20","guid":{"rendered":"https:\/\/hundeverein-aegerital.ch\/?page_id=39"},"modified":"2023-06-11T13:59:01","modified_gmt":"2023-06-11T13:59:01","slug":"statuten","status":"publish","type":"page","link":"https:\/\/hundeverein-aegerital.ch\/?page_id=39","title":{"rendered":"Der Verein"},"content":{"rendered":"\n<figure class=\"wp-block-image size-large is-resized\"><img loading=\"lazy\" decoding=\"async\" src=\"https:\/\/hundeverein-aegerital.ch\/wp-content\/uploads\/2021\/12\/Gruendungsvorstand-Aegeridog-18.3.21-2-1024x680.jpg\" alt=\"\" class=\"wp-image-119\" width=\"476\" height=\"316\" srcset=\"https:\/\/hundeverein-aegerital.ch\/wp-content\/uploads\/2021\/12\/Gruendungsvorstand-Aegeridog-18.3.21-2-1024x680.jpg 1024w, https:\/\/hundeverein-aegerital.ch\/wp-content\/uploads\/2021\/12\/Gruendungsvorstand-Aegeridog-18.3.21-2-300x199.jpg 300w, https:\/\/hundeverein-aegerital.ch\/wp-content\/uploads\/2021\/12\/Gruendungsvorstand-Aegeridog-18.3.21-2-768x510.jpg 768w, https:\/\/hundeverein-aegerital.ch\/wp-content\/uploads\/2021\/12\/Gruendungsvorstand-Aegeridog-18.3.21-2-1536x1020.jpg 1536w, https:\/\/hundeverein-aegerital.ch\/wp-content\/uploads\/2021\/12\/Gruendungsvorstand-Aegeridog-18.3.21-2-2048x1360.jpg 2048w\" sizes=\"auto, (max-width: 476px) 100vw, 476px\" \/><figcaption class=\"wp-element-caption\">Foto der Gr\u00fcndungsversammlung<\/figcaption><\/figure>\n\n\n\n<p>Herzlich Willkommen !<\/p>\n\n\n\n<p>Unser 2021 gegr\u00fcndete Verein setzt sich f\u00fcr die Anliegen unserer vierbeinigen Freunde im \u00c4gerital ein.<\/p>\n\n\n\n<p>Wir bieten:<\/p>\n\n\n\n<ul class=\"wp-block-list\">\n<li>Vermittlung von Wissen rund um die Bed\u00fcrfnisse der Hunde und ihrer Beziehung zum Menschen<\/li>\n\n\n\n<li>Vermittlung von Informationen rund um Hunde aller Gr\u00f6ssen und Rassen bez\u00fcglich Anschaffung, Haltung und Ausbildung<\/li>\n\n\n\n<li>Organisation einer Veranstaltung pro Jahr im \u00c4gerital<\/li>\n\n\n\n<li>eine Mitgliedschaft bei der SKG (Schweiz. Kynologische Gesellschaft) ist geplant. Dann stehen den Mitgliedern des Hundevereins \u00c4gerital auch die umfassenden Weiterbildungsangebote der SKG offen<\/li>\n<\/ul>\n\n\n\n<p>Der Verein ist im Aufbau \u2013 wir freuen uns auf weitere aktive Mitglieder, die uns unterst\u00fctzen<\/p>\n\n\n\n<p><strong>Konto:<\/strong> IBAN CH23 0078 7785 9071 0467 5<\/p>\n\n\n\n<div class=\"wp-block-buttons is-layout-flex wp-block-buttons-is-layout-flex\">\n<div class=\"wp-block-button\"><a class=\"wp-block-button__link wp-element-button\" href=\"https:\/\/hundeverein-aegerital.ch\">Zur\u00fcck<\/a><\/div>\n<\/div>\n","protected":false},"excerpt":{"rendered":"<p>Herzlich Willkommen ! Unser 2021 gegr\u00fcndete Verein setzt sich f\u00fcr die Anliegen unserer vierbeinigen Freunde im \u00c4gerital ein. Wir bieten: Der Verein ist im Aufbau \u2013 wir freuen uns auf weitere aktive Mitglieder, die uns unterst\u00fctzen Konto: IBAN CH23 0078 7785 9071 0467 5<\/p>\n","protected":false},"author":1,"featured_media":23,"parent":0,"menu_order":0,"comment_status":"closed","ping_status":"closed","template":"","meta":{"ngg_post_thumbnail":0,"footnotes":""},"class_list":["post-39","page","type-page","status-publish","has-post-thumbnail","hentry"],"_links":{"self":[{"href":"https:\/\/hundeverein-aegerital.ch\/index.php?rest_route=\/wp\/v2\/pages\/39","targetHints":{"allow":["GET"]}}],"collection":[{"href":"https:\/\/hundeverein-aegerital.ch\/index.php?rest_route=\/wp\/v2\/pages"}],"about":[{"href":"https:\/\/hundeverein-aegerital.ch\/index.php?rest_route=\/wp\/v2\/types\/page"}],"author":[{"embeddable":true,"href":"https:\/\/hundeverein-aegerital.ch\/index.php?rest_route=\/wp\/v2\/users\/1"}],"replies":[{"embeddable":true,"href":"https:\/\/hundeverein-aegerital.ch\/index.php?rest_route=%2Fwp%2Fv2%2Fcomments&post=39"}],"version-history":[{"count":10,"href":"https:\/\/hundeverein-aegerital.ch\/index.php?rest_route=\/wp\/v2\/pages\/39\/revisions"}],"predecessor-version":[{"id":1003,"href":"https:\/\/hundeverein-aegerital.ch\/index.php?rest_route=\/wp\/v2\/pages\/39\/revisions\/1003"}],"wp:featuredmedia":[{"embeddable":true,"href":"https:\/\/hundeverein-aegerital.ch\/index.php?rest_route=\/wp\/v2\/media\/23"}],"wp:attachment":[{"href":"https:\/\/hundeverein-aegerital.ch\/index.php?rest_route=%2Fwp%2Fv2%2Fmedia&parent=39"}],"curies":[{"name":"wp","href":"https:\/\/api.w.org\/{rel}","templated":true}]}}